*x**3 + 2*x**2 + 2*x + 1. Let a be v(-1). Suppose -2*j - 3*i + 0*i = -a, -3*i = 9. List the prime factors of j.
2
Suppose 5*u + 1 = -89. List the prime factors of (0 - -15)/(u/(-12)).
2, 5
Let m(a) = 105*a - 1. What are the prime factors of m(1)?
2, 13
Suppose -6*p = -8*p + 22. Let c = p - 3. What are the prime factors of c?
2
List the prime factors of 8 - (-2570)/15 - (-1)/(-3).
179
Let c be 12/(-30) + 494/10. Suppose -2*b - 37 = -3*b - 5*w, 2*b + 5*w - c = 0. What are the prime factors of b?
2, 3
Suppose -2*c - 10 = -34. Let q be (3/2)/(9/c). Suppose -q*f - 8 = 0, -w - f = 3*f + 6. What are the prime factors of w?
2, 5
Suppose 0 = x - 13*x + 2844. What are the prime factors of x?
3, 79
Let b = 85 - 45. Suppose 6*c - 8*c = -b. List the prime factors of c.
2, 5
Suppose 2765 = -4*g - g. What are the prime factors of g/(-21) - (-1)/(-3)?
2, 13
Let x = 56 - 31. List the prime factors of x.
5
Let y(b) = -2*b**2 + 2 - 1 - b**2. Let n be y(-1). Let q = 1 - n. What are the prime factors of q?
3
Let x be ((4 - 2) + -1)*3. Suppose -t + 13 = x. Suppose 2*c = -2*u + t, 4*u - 1 - 14 = c. List the prime factors of u.
2
Let q be (-1)/(-1 - (-3)/4). Suppose q*p + n - 65 = 0, -p = 4*n - 0*n - 35. List the prime factors of p.
3, 5
Let z(y) = -5*y**3 - 3*y**2 + 5*y + 13. Let t(r) = 6*r**3 + 4*r**2 - 5*r - 14. Let l(v) = -6*t(v) - 7*z(v). What are the prime factors of l(-3)?
2
Suppose -t = 3*h - 2*h, -4*t = h. Suppose 3*w + t*z = 2*z + 6, 5*z + 15 = 5*w. Suppose -3*u + w*u = -15. What are the prime factors of u?
5
Let l(c) = c**2 - 6*c + 11. List the prime factors of l(9).
2, 19
Suppose -7*y + 3*y + 104 = -4*z, 3*y - 72 = 5*z. List the prime factors of y.
29
Let j = 164 - 113. Let u = j + -18. What are the prime factors of u?
3, 11
Suppose 5*z - 8*i + 4*i = 14, -5*i + 32 = 2*z. Suppose -z*l = -8*l + 96. List the prime factors of l.
2, 3
Let z be (-2)/(-4) + 75/10. Let p = z + -6. Suppose 16 = 2*n + p*n. List the prime factors of n.
2
Suppose 3*h - 9 = -0*h. Suppose 21 = h*x - 0*x. Suppose -3*b - 1 = -x. List the prime factors of b.
2
Let j be (4 + -1)*(-16)/(-12). Suppose 0 = j*i - i. Let p = 3 - i. What are the prime factors of p?
3
Let n(q) = -q + 2. Let z be n(-2). Suppose -z*p = p - 75. List the prime factors of p.
3, 5
Suppose 0 = 4*m + 5*c - 415, 5*c = 2*m - 85 - 160. List the prime factors of m.
2, 5, 11
Let y = 52 - -40. List the prime factors of y.
2, 23
List the prime factors of (82/6 - -3)*3.
2, 5
Suppose -3*i = c - 753, -5*c - 485 = 2*i - 4*i. What are the prime factors of i?
2, 5
Let r be (-5 + 6)*(0 - 3). What are the prime factors of (r/(-6))/(2/76)?
19
Suppose -6*z + z - 36 = -2*o, -5*z - 20 = 0. Let g be (-3 - 1/(-2))*o. What are the prime factors of (21/(-2))/(10/g)?
3, 7
Let b be 2/8 + (-10)/8. Let x be 2/b + 2 + 4. Let a(h) = 2*h. What are the prime factors of a(x)?
2
Suppose -5*z = g - 6*g + 400, 0 = -3*g - 4*z + 219. What are the prime factors of g?
7, 11
Suppose -293 = -4*q - 57. What are the prime factors of q?
59
Let a = 7 + -29. List the prime factors of a/(-77) - (-68)/7.
2, 5
Let y be 6/1*(-42)/9. Let l = y - -61. Let s = l - 23. List the prime factors of s.
2, 5
List the prime factors of 30/(-20)*(0 + 244/(-6)).
61
Let r be 8 - (16 + 0)/4. Suppose 2*b - 3*s + 7*s - 80 = 0, s = -r*b + 160. What are the prime factors of b?
2, 5
Let z(g) be the first derivative of -g**2/2 + 7*g - 3. Let h be z(5). Suppose 2*x - h*k - 21 = k, -4*k = -4. What are the prime factors of x?
2, 3
Suppose 2*q = 4 + 2. Let f(i) = -i**2 + 3*i + 4. What are the prime factors of f(q)?
2
Suppose w - 81 = 62. List the prime factors of w.
11, 13
Suppose 0 = -5*f + 50 - 0. List the prime factors of f.
2, 5
Suppose -4*i = i + 75. Let c = -5 - i. List the prime factors of c.
2, 5
What are the prime factors of (-1 + 2)*(-13)/(-1)?
13
Suppose 6*d - 7*d = -6. Let m = d - 4. What are the prime factors of m?
2
Let b be 446*(-1)/(-2) + -2. Suppose -4*a - 93 = -b. Suppose 5*u - u - 68 = 3*j, -2*u + j = -a. What are the prime factors of u?
2, 7
Suppose -11 = 5*z + 9. Let f(d) = -d**3 - 2*d**2 + 2*d + 2. Let b be f(z). Let w = b + -15. List the prime factors of w.
11
What are the prime factors of 594/36 - 6/(-4)?
2, 3
Suppose 3 = 2*r - 3. Suppose -2*o - r*h + 3 = 6, -h = 5*o + 1. Let d(s) = -s + 6. List the prime factors of d(o).
2, 3
Let i be 4/(-16) + 259/(-4). Let r = -31 - i. Suppose 5*a - r = -o, -a + 2*a - o = 2. What are the prime factors of a?
2, 3
Let l(q) = q**3 + 8*q**2 + 3*q + 1. List the prime factors of l(-7).
29
Suppose -3*n + 2*n - 3 = 0. What are the prime factors of n/((20/36)/(-5))?
3
Suppose -z + 3*z - 41 = 3*p, -3*z = -2*p - 74. List the prime factors of z.
2, 7
Let q be (468/(-5))/(7/(-35)). List the prime factors of 2/7 + q/28.
17
Let x be 1/2 + (-100)/8. Let y be x/3 + 2 - -20. Suppose 0 = 4*t - t - y. List the prime factors of t.
2, 3
Suppose 4*z + 13 = 2*i - i, -5*z - 5 = i. Suppose -i*w = 3 - 13. What are the prime factors of w?
2
Suppose 6*y - y + 12 = 3*r, 5*y = 0. Suppose -k + 73 = -r*b, -k + 0*k = -2*b - 65. What are the prime factors of k?
3, 19
Suppose 122 = -9*s + 10*s. What are the prime factors of s?
2, 61
Let t be (-3)/(-2) - (-4)/8. Let j = 6 - t. Let m(r) = r**2 - 4*r + 5. What are the prime factors of m(j)?
5
Let t(g) = 12 - 3*g + 6*g - 3*g - g. List the prime factors of t(10).
2
Suppose s + 5*v + 11 = -0*s, 5*v = 3*s - 47. What are the prime factors of s?
3
Let n be ((-1)/3)/(1/(-15)). Let m(h) = -7*h - 4. Let v be m(-4). Suppose -4*c + c + v = 4*x, 4*c + n*x - 31 = 0. List the prime factors of c.
2
Let s(z) = 2*z**2 - 17*z - 24. What are the prime factors of s(12)?
2, 3, 5
Let r(t) = -2*t**2 + 9*t - 4. Suppose 0 = 3*v - b - 19, -4*v + 7 + 19 = -2*b. Let n be r(v). Let x = -11 - n. What are the prime factors of x?
11
Let i be 104/(-10) - (-8)/20. Let f = i + 7. Let o = 4 - f. List the prime factors of o.
7
Let h(f) = -f - 7. What are the prime factors of h(-11)?
2
Suppose 13 = 5*x - 3*w, 7*x = 3*x - w + 24. List the prime factors of x.
5
List the prime factors of 101 + (-4 + 4)/3.
101
Let d(q) = -q + 4. Let t be d(4). Let z = -10 - -14. Suppose -5*w + 20 = t, 0 + 24 = r + z*w. What are the prime factors of r?
2
Let p(x) = 34*x**2 - x - 2. Suppose -3*m = -3*s + 12, 4*m - s = -0*m - 7. List the prime factors of p(m).
3, 11
What are the prime factors of (-4)/14 + (-2696)/(-28)?
2, 3
Suppose 0 = -4*l + 5*z + 55, -2*z + 0*z + 2 = 0. List the prime factors of l.
3, 5
Let g(d) = -d**3 + 5*d**2 - 2*d - 2. Let n be g(3). List the prime factors of -2*2/(-4) + n.
11
Suppose -4 = -5*u + u. Suppose 0 = -4*s + r - 2*r + 7, 2*s + 5*r = -u. Suppose 12 = s*d - 4*b, -9 = -3*d + 3*b + 15. What are the prime factors of d?
2, 5
Let w = 14 + -9. Suppose -19 = -w*l + 2*s, l + 2*s - 1 = s. List the prime factors of l.
3
Let h(q) = -q**2 + 6*q + 4. Suppose 12 = -z + 2*z - 3*r, -2*r = -2*z + 16. Let g be h(z). Suppose 40 = m + g*m. List the prime factors of m.
2
Let s(o) = 26*o**3 + o**2 - o - 4. List the prime factors of s(2).
2, 103
Let t(p) be the first derivative of -p**4/4 - 16*p**3/3 - p**2 - 12*p - 5. List the prime factors of t(-16).
2, 5
Let y(m) = -5*m**3 - m**2 + m - 2. Let r = -7 - -5. List the prime factors of y(r).
2
Let l be (-2)/((-3)/3 + 0). List the prime factors of l/(-9) - (-164)/9.
2, 3
List the prime factors of (-136)/(-6) - (-10)/(-15).
2, 11
Let v = 17 + 92. List the prime factors of v.
109
Let r = -5 + 7. Suppose -q + r = -2. List the prime factors of q.
2
Suppose -3*r - 3*j = j + 220, -4*r - 3*j = 305. What are the prime factors of (6/5)/((-6)/r)?
2
Suppose 0*j = -2*j. Let i(m) = -m - 8. Let l be i(-5). Let h = j - l. What are the prime factors of h?
3
Suppose 20 = 8*f - 3*f. Suppose 0 = -i + y + 4*y + 9, -4*i = -f*y - 52. Suppose -m + i = 3*m + z, 0 = -4*m - 3*z + 18. List the prime factors of m.
3
Let u = -7 - -12. Let w(o) = -2*o + 4. Let y be w(u). What are the prime factors of (2*3)/((-4)/y)?
3
Let r(x) = x**2 - 5*x - 4. What are the prime factors of r(8)?
2, 5
What are the prime factors of (1 - (-2 + 1))*615/10?
3, 41
Let q = -45 + 47. List the prime factors of q.
2
Suppose 0 = -g + 6. List the prime factors of (4 + 11)*4/g.
2, 5
Let p(u) = -13*u - 3. Let k be p(-2). Let h = k - 15. List the prime factors of h.
2
Let b(q) = -q**